of l and h.
11
Let f = -26 + 71. Let t be 18 + 0*2/6. What is the greatest common factor of t and f?
9
Let l(h) = -h + 4. Suppose -c = 3*v + 12, c - 5*v - 20 = 6*c. Let z be l(c). Suppose 176 = 4*t - z. What is the greatest common divisor of t and 15?
15
Suppose 9 = -c + 4*c. Suppose 3*f - 37 = -5*h, -5*h - 2 - c = 0. What is the greatest common divisor of 70 and f?
14
Suppose 2*l + l = 33. Let j be -110*(2*-1 + 1). Suppose h - j = -h. Calculate the highest common factor of l and h.
11
Suppose 2*y = -2*y + 8. Suppose -o - t - 4 = -5*t, 0 = o + y*t - 8. What is the greatest common divisor of 16 and o?
4
Suppose -3*n - 216 = -6*n. Let k be (13 - 9/(-3))*2/4. What is the greatest common divisor of n and k?
8
Suppose 4*t + t = -q + 185, -4*q = 0. What is the highest common factor of t and 37?
37
Let s(g) = g**3 - g**2 - g. Let x be (-3)/(-1) + -2 + 2. Let r be s(x). What is the highest common divisor of r and 10?
5
Let v be (-14)/4*(0 + 4). Let s be 7/49 - 222/v. Suppose 0 = -3*i - i + 128. What is the highest common factor of i and s?
16
Let c be 149 + 8 + 3/(-1). What is the highest common factor of 14 and c?
14
Suppose 0*o - 3*o = -96. Calculate the greatest common factor of 8 and o.
8
Let k = 28 + -10. Let n be 2/(3/k*2). What is the highest common divisor of n and 6?
6
Let l(z) = z**2 - 10*z + 7. Let w be l(10). Let m = 13 - w. What is the highest common factor of 66 and m?
6
Let l be 0 + 0/6 + 1. Calculate the highest common divisor of 27 and l.
1
Suppose -2*h = 5*b - 45, -4*h + 8 = 3*b - 19. Calculate the greatest common factor of 72 and b.
9
Suppose 2*y - 2 = 6, -2*w + 5*y = 4. Let b be (-2 + 5)/((-3)/2). Let t be 3 + b*3/6. What is the highest common factor of t and w?
2
Suppose -o - 2*o = 0. Let g(a) be the second derivative of a**4/12 + a**3/6 + 30*a**2 - a. Let l be g(o). Calculate the greatest common divisor of l and 12.
12
Let n be 4/8 - 3/(-2). Suppose 15 = 15*x - 12*x. Calculate the greatest common divisor of n and x.
1
Let v(q) = 3*q**2 + 3*q - 9. Let k be v(-6). Suppose 2*s - k = -5*h, h = -5*s - 2*h + 231. Calculate the highest common divisor of s and 12.
12
Suppose -775 = -3*c + 5*b - 9*b, -3*c = -3*b - 789. What is the greatest common factor of 29 and c?
29
Let m be 0 + (0 - -2) - -97. Suppose 0 = -3*i - 6*b + 3*b + 18, 20 = -4*b. Calculate the greatest common factor of i and m.
11
Let v = -3 + 4. Let i be -1*(1 + -2 + v). Let q be 1 + 1 + 5 + i. Calculate the greatest common divisor of 63 and q.
7
Let a be 1*(-2 - -1)*0. Suppose f - 4*u + 11 = a, f + u = 6*u - 16. What is the greatest common divisor of f and 6?
3
Suppose 5*c - 2*c = -9. Let h be (-30)/c*(-4)/(-10). Let a be -1 + 4/(8/6). What is the greatest common divisor of a and h?
2
Let o(p) = -53*p + 1. Let l be o(-1). Let g be 251/6 + 9/l. Calculate the highest common factor of 14 and g.
14
Suppose i = y - 105, 3*y + i = -4*i + 291. Calculate the greatest common factor of y and 68.
34
Let k = 8 - 10. Let b be (10 + 3 - -2) + k. Calculate the greatest common factor of 91 and b.
13
Let h(d) = d**2 - 6*d + 10. Suppose 28 = 3*a + a. Let g be h(a). Calculate the highest common divisor of 17 and g.
17
Suppose c + 235 = 5*s, 0*s = -s - 2*c + 58. Suppose -3 = -i - 1, -4*i = 2*f - 72. What is the highest common factor of s and f?
16
Suppose 4*z + 7 - 19 = 0. Let o be ((-40)/z)/((-18)/27). Calculate the highest common factor of o and 4.
4
Suppose 3*t + t = 36. Let j = t + 12. What is the highest common divisor of 7 and j?
7
Let a = -217 + 236. What is the greatest common divisor of a and 19?
19
Let r = 96 + -66. What is the highest common factor of r and 30?
30
Suppose n - 46 = 5*g - 0*g, 3*n - 151 = 2*g. Suppose -25*o = -4*o - 714. What is the greatest common divisor of o and n?
17
Suppose u + 3*u = 380. Calculate the highest common divisor of u and 19.
19
Suppose 2*o + 384 = 6*o. Suppose 0*i - 4*i - o = -4*d, -32 = -d - i. Suppose -86 = -5*b - 16. What is the greatest common factor of d and b?
14
Let y = -15 - -17. Suppose 21 = 3*n - y*n. Calculate the highest common factor of n and 7.
7
Let l(g) = -4*g - 2*g + g - 2*g. Let v be l(-2). What is the greatest common factor of 2 and v?
2
Suppose 2*v + 3*g - 17 = 15, -2*v + 2*g + 32 = 0. Let f be 304/14 - v/(-56). What is the highest common divisor of 88 and f?
22
Let m(p) = -34*p - 3. Let i be m(-2). Let f = 19 - -7. Calculate the greatest common divisor of f and i.
13
Let z be 12/(3/(3 - (-6)/4)). What is the highest common factor of z and 180?
18
Let b = -2 - -2. Suppose 0 = 5*n - 4*r + 65, b*r + 12 = -3*n - 3*r. Let y be 4/(-18) - 47/n. What is the highest common divisor of y and 35?
5
Let o = -94 + 108. What is the greatest common divisor of 224 and o?
14
Let f = -71 - -80. What is the highest common factor of f and 144?
9
Let r = -12 + 14. What is the greatest common factor of 3 and r?
1
Let t(c) = -2*c - 13. Let w be t(-9). Suppose 4*i = -i + 225. Calculate the greatest common divisor of i and w.
5
Suppose 5*v - 79 - 56 = 0. What is the greatest common divisor of 81 and v?
27
Let g = -96 - -38. Let i = 184 + g. Let r = 10 - -8. Calculate the highest common factor of i and r.
18
Let g be (-1)/(1*(-1)/23). Suppose 3*a - g - 76 = 0. Calculate the greatest common divisor of a and 22.
11
Let y(d) = d**3 - d + 2. Let h be y(2). Let t = -5 + h. What is the highest common factor of 3 and t?
3
Suppose -4 = -5*h + 16. Let t = 20 - 19. Calculate the greatest common divisor of h and t.
1
Let t = -6 - -13. Let b = t + 15. Calculate the highest common divisor of 22 and b.
22
Suppose 5*f - 1 = -2*l + 77, 3*f - 4*l - 52 = 0. Calculate the highest common divisor of f and 64.
16
Suppose 0 = 5*w - 0*w + 4*h + 163, -5*w = h + 157. Let p = w - -53. Suppose -4*t = -20, -4*t = 3*n - 9*t - 74. Calculate the highest common factor of n and p.
11
Let j = -24 + 16. Let b = j - -11. Suppose 0 = b*m - 3*n + 2*n - 272, -4*n + 4 = 0. Calculate the greatest common divisor of 13 and m.
13
Let z be 17*(6/(-3) + 4). Let j = -11 + z. Calculate the highest common divisor of j and 23.
23
Let v = 141 + -128. Calculate the highest common divisor of 286 and v.
13
Suppose -3*j + 87 = 3*u, 0 = 2*j + j - 5*u - 95. What is the greatest common factor of 12 and j?
6
Let y be 141/21 - 8/(-28). Calculate the highest common factor of y and 14.
7
Let o = 1 + 1. Let n be (-26)/22 - o/(-11). Let a be 9 + n + 0 + 1. Calculate the highest common factor of a and 45.
9
Suppose -5*s = 3*o - 134, -7*s = -5*o - 3*s + 174. Let r = 54 - o. Let z be (-16)/(-3)*15/2. What is the highest common factor of z and r?
8
Let r(o) = o**3 - 4*o**2 + o. Let j be r(3). Let d = 24 + j. Let s be (-2)/5 - (-32)/5. What is the greatest common divisor of d and s?
6
Suppose -4 - 2 = -2*q. Suppose q*y - 12 = 2*y. Suppose 2*a - 95 = -23. What is the highest common divisor of a and y?
12
Let i = -36 + 69. Suppose 275 + i = 4*y. Calculate the highest common factor of 11 and y.
11
Suppose -22 = -10*q + 5*q + c, -4*c - 3 = -3*q. What is the greatest common divisor of q and 1?
1
Suppose r + 13 - 21 = 0. Calculate the greatest common factor of 56 and r.
8
Let c(n) = 38*n + 1. Let t be c(1). Calculate the highest common factor of t and 26.
13
Suppose 0 = -3*i + 7 + 5. What is the greatest common factor of 44 and i?
4
Let m = 213 + -26. Let r(g) = -2*g - 7. Let y be r(0). Let w(t) = -t**3 - 6*t**2 + 6*t + 10. Let u be w(y). What is the highest common divisor of m and u?
17
Suppose 3*k = 62 + 31. Let j = -19 + k. Suppose -2*t + 3*v + 16 = -17, 9 = 2*t + 5*v. What is the highest common factor of j and t?
12
Let q(g) = g**2 + 4*g. Let u be q(-4). Suppose 2*y - 9 + 1 = u. What is the highest common factor of y and 4?
4
Suppose 4*r = 2*s + 110 - 412, -4*r - 592 = -4*s. What is the greatest common factor of 29 and s?
29
Suppose 3*x - q - 26 = -2*q, 4*q = 3*x - 31. Calculate the greatest common divisor of x and 6.
3
Let b = -7 + 12. Calculate the highest common divisor of 45 and b.
5
Let p(h) = 2*h**3 - 11*h**2 - 5*h + 5. Let f be p(6). Let c(z) = -21*z**3 + z**2 + z + 1. Let d be c(-1). Calculate the greatest common factor of d and f.
11
Let z = -142 + 307. Calculate the highest common divisor of 15 and z.
15
Let a be ((-2)/(-3))/(4/30). Suppose 2*m = a*u - 60, -3*m = 3*u - 8*u + 60. Calculate the highest common fact